{"id":72,"date":"2024-06-05T01:37:09","date_gmt":"2024-06-04T23:37:09","guid":{"rendered":"http:\/\/donnautess.eu\/?page_id=72"},"modified":"2024-07-29T22:42:07","modified_gmt":"2024-07-29T20:42:07","slug":"uvod","status":"publish","type":"page","link":"https:\/\/donnautess.eu\/?page_id=72","title":{"rendered":"\u00davod"},"content":{"rendered":"\n<figure class=\"wp-block-image size-large is-resized\"><img loading=\"lazy\" decoding=\"async\" width=\"724\" height=\"1024\" src=\"http:\/\/donnautess.eu\/wp-content\/uploads\/2024\/07\/OV-DONNAUTESS_letacik-724x1024.jpg\" alt=\"\" class=\"wp-image-163\" style=\"width:709px;height:auto\" srcset=\"https:\/\/donnautess.eu\/wp-content\/uploads\/2024\/07\/OV-DONNAUTESS_letacik-724x1024.jpg 724w, https:\/\/donnautess.eu\/wp-content\/uploads\/2024\/07\/OV-DONNAUTESS_letacik-212x300.jpg 212w, https:\/\/donnautess.eu\/wp-content\/uploads\/2024\/07\/OV-DONNAUTESS_letacik-768x1086.jpg 768w, https:\/\/donnautess.eu\/wp-content\/uploads\/2024\/07\/OV-DONNAUTESS_letacik-1086x1536.jpg 1086w, https:\/\/donnautess.eu\/wp-content\/uploads\/2024\/07\/OV-DONNAUTESS_letacik-1448x2048.jpg 1448w, https:\/\/donnautess.eu\/wp-content\/uploads\/2024\/07\/OV-DONNAUTESS_letacik-scaled.jpg 1810w\" sizes=\"(max-width: 724px) 100vw, 724px\" \/><\/figure>\n\n\n<p style=\"text-align: left;\"><strong>N\u00e1zov v\u00fdstavy:<\/strong><\/p>\n<h3 style=\"text-align: left;\"><strong>DONNAUTESS Dog Show 2024 <\/strong><\/h3>\n<h3 style=\"text-align: left;\"><strong>Oblastn\u00e1 v\u00fdstava psov v\u0161etk\u00fdch plemien <\/strong><\/h3>\n<h4 style=\"text-align: left;\"><strong>7. septembra 2024<\/strong><\/h4>\n<h4 style=\"text-align: left;\"><strong>Kynologick\u00fd are\u00e1l Vojka nad Dunajom<\/strong><\/h4>\n\n\n<figure class=\"wp-block-image size-large is-resized\"><img loading=\"lazy\" decoding=\"async\" width=\"1024\" height=\"514\" src=\"http:\/\/donnautess.eu\/wp-content\/uploads\/2024\/06\/image-1024x514.jpg\" alt=\"\" class=\"wp-image-73\" style=\"width:720px;height:auto\" srcset=\"https:\/\/donnautess.eu\/wp-content\/uploads\/2024\/06\/image-1024x514.jpg 1024w, https:\/\/donnautess.eu\/wp-content\/uploads\/2024\/06\/image-300x151.jpg 300w, https:\/\/donnautess.eu\/wp-content\/uploads\/2024\/06\/image-768x386.jpg 768w, https:\/\/donnautess.eu\/wp-content\/uploads\/2024\/06\/image.jpg 1248w\" sizes=\"(max-width: 1024px) 100vw, 1024px\" \/><\/figure>\n","protected":false},"excerpt":{"rendered":"<p>N\u00e1zov v\u00fdstavy: DONNAUTESS Dog Show 2024 Oblastn\u00e1 v\u00fdstava psov v\u0161etk\u00fdch plemien 7. septembra 2024 Kynologick\u00fd are\u00e1l Vojka nad Dunajom<\/p>\n","protected":false},"author":1,"featured_media":0,"parent":0,"menu_order":0,"comment_status":"closed","ping_status":"closed","template":"","meta":{"_monsterinsights_skip_tracking":false,"_monsterinsights_sitenote_active":false,"_monsterinsights_sitenote_note":"","_monsterinsights_sitenote_category":0,"footnotes":""},"yoast_head":"<!-- This site is optimized with the Yoast SEO plugin v23.4 - https:\/\/yoast.com\/wordpress\/plugins\/seo\/ -->\n<title>\u00davod -<\/title>\n<meta name=\"robots\" content=\"index, follow, max-snippet:-1, max-image-preview:large, max-video-preview:-1\" \/>\n<link rel=\"canonical\" href=\"https:\/\/donnautess.eu\/?page_id=72\" \/>\n<meta property=\"og:locale\" content=\"sk_SK\" \/>\n<meta property=\"og:type\" content=\"article\" \/>\n<meta property=\"og:title\" content=\"\u00davod -\" \/>\n<meta property=\"og:description\" content=\"N\u00e1zov v\u00fdstavy: DONNAUTESS Dog Show 2024 Oblastn\u00e1 v\u00fdstava psov v\u0161etk\u00fdch plemien 7. septembra 2024 Kynologick\u00fd are\u00e1l Vojka nad Dunajom\" \/>\n<meta property=\"og:url\" content=\"https:\/\/donnautess.eu\/?page_id=72\" \/>\n<meta property=\"article:modified_time\" content=\"2024-07-29T20:42:07+00:00\" \/>\n<meta property=\"og:image\" content=\"http:\/\/donnautess.eu\/wp-content\/uploads\/2024\/07\/OV-DONNAUTESS_letacik-724x1024.jpg\" \/>\n<meta name=\"twitter:card\" content=\"summary_large_image\" \/>\n<meta name=\"twitter:label1\" content=\"Predpokladan\u00fd \u010das \u010d\u00edtania\" \/>\n\t<meta name=\"twitter:data1\" content=\"1 min\u00fata\" \/>\n<script type=\"application\/ld+json\" class=\"yoast-schema-graph\">{\"@context\":\"https:\/\/schema.org\",\"@graph\":[{\"@type\":\"WebPage\",\"@id\":\"https:\/\/donnautess.eu\/?page_id=72\",\"url\":\"https:\/\/donnautess.eu\/?page_id=72\",\"name\":\"\u00davod -\",\"isPartOf\":{\"@id\":\"https:\/\/donnautess.eu\/#website\"},\"primaryImageOfPage\":{\"@id\":\"https:\/\/donnautess.eu\/?page_id=72#primaryimage\"},\"image\":{\"@id\":\"https:\/\/donnautess.eu\/?page_id=72#primaryimage\"},\"thumbnailUrl\":\"http:\/\/donnautess.eu\/wp-content\/uploads\/2024\/07\/OV-DONNAUTESS_letacik-724x1024.jpg\",\"datePublished\":\"2024-06-04T23:37:09+00:00\",\"dateModified\":\"2024-07-29T20:42:07+00:00\",\"breadcrumb\":{\"@id\":\"https:\/\/donnautess.eu\/?page_id=72#breadcrumb\"},\"inLanguage\":\"sk-SK\",\"potentialAction\":[{\"@type\":\"ReadAction\",\"target\":[\"https:\/\/donnautess.eu\/?page_id=72\"]}]},{\"@type\":\"ImageObject\",\"inLanguage\":\"sk-SK\",\"@id\":\"https:\/\/donnautess.eu\/?page_id=72#primaryimage\",\"url\":\"https:\/\/donnautess.eu\/wp-content\/uploads\/2024\/07\/OV-DONNAUTESS_letacik-scaled.jpg\",\"contentUrl\":\"https:\/\/donnautess.eu\/wp-content\/uploads\/2024\/07\/OV-DONNAUTESS_letacik-scaled.jpg\",\"width\":1810,\"height\":2560},{\"@type\":\"BreadcrumbList\",\"@id\":\"https:\/\/donnautess.eu\/?page_id=72#breadcrumb\",\"itemListElement\":[{\"@type\":\"ListItem\",\"position\":1,\"name\":\"Home\",\"item\":\"https:\/\/donnautess.eu\/\"},{\"@type\":\"ListItem\",\"position\":2,\"name\":\"\u00davod\"}]},{\"@type\":\"WebSite\",\"@id\":\"https:\/\/donnautess.eu\/#website\",\"url\":\"https:\/\/donnautess.eu\/\",\"name\":\"\",\"description\":\"\",\"potentialAction\":[{\"@type\":\"SearchAction\",\"target\":{\"@type\":\"EntryPoint\",\"urlTemplate\":\"https:\/\/donnautess.eu\/?s={search_term_string}\"},\"query-input\":{\"@type\":\"PropertyValueSpecification\",\"valueRequired\":true,\"valueName\":\"search_term_string\"}}],\"inLanguage\":\"sk-SK\"}]}<\/script>\n<!-- \/ Yoast SEO plugin. -->","yoast_head_json":{"title":"\u00davod -","robots":{"index":"index","follow":"follow","max-snippet":"max-snippet:-1","max-image-preview":"max-image-preview:large","max-video-preview":"max-video-preview:-1"},"canonical":"https:\/\/donnautess.eu\/?page_id=72","og_locale":"sk_SK","og_type":"article","og_title":"\u00davod -","og_description":"N\u00e1zov v\u00fdstavy: DONNAUTESS Dog Show 2024 Oblastn\u00e1 v\u00fdstava psov v\u0161etk\u00fdch plemien 7. septembra 2024 Kynologick\u00fd are\u00e1l Vojka nad Dunajom","og_url":"https:\/\/donnautess.eu\/?page_id=72","article_modified_time":"2024-07-29T20:42:07+00:00","og_image":[{"url":"http:\/\/donnautess.eu\/wp-content\/uploads\/2024\/07\/OV-DONNAUTESS_letacik-724x1024.jpg"}],"twitter_card":"summary_large_image","twitter_misc":{"Predpokladan\u00fd \u010das \u010d\u00edtania":"1 min\u00fata"},"schema":{"@context":"https:\/\/schema.org","@graph":[{"@type":"WebPage","@id":"https:\/\/donnautess.eu\/?page_id=72","url":"https:\/\/donnautess.eu\/?page_id=72","name":"\u00davod -","isPartOf":{"@id":"https:\/\/donnautess.eu\/#website"},"primaryImageOfPage":{"@id":"https:\/\/donnautess.eu\/?page_id=72#primaryimage"},"image":{"@id":"https:\/\/donnautess.eu\/?page_id=72#primaryimage"},"thumbnailUrl":"http:\/\/donnautess.eu\/wp-content\/uploads\/2024\/07\/OV-DONNAUTESS_letacik-724x1024.jpg","datePublished":"2024-06-04T23:37:09+00:00","dateModified":"2024-07-29T20:42:07+00:00","breadcrumb":{"@id":"https:\/\/donnautess.eu\/?page_id=72#breadcrumb"},"inLanguage":"sk-SK","potentialAction":[{"@type":"ReadAction","target":["https:\/\/donnautess.eu\/?page_id=72"]}]},{"@type":"ImageObject","inLanguage":"sk-SK","@id":"https:\/\/donnautess.eu\/?page_id=72#primaryimage","url":"https:\/\/donnautess.eu\/wp-content\/uploads\/2024\/07\/OV-DONNAUTESS_letacik-scaled.jpg","contentUrl":"https:\/\/donnautess.eu\/wp-content\/uploads\/2024\/07\/OV-DONNAUTESS_letacik-scaled.jpg","width":1810,"height":2560},{"@type":"BreadcrumbList","@id":"https:\/\/donnautess.eu\/?page_id=72#breadcrumb","itemListElement":[{"@type":"ListItem","position":1,"name":"Home","item":"https:\/\/donnautess.eu\/"},{"@type":"ListItem","position":2,"name":"\u00davod"}]},{"@type":"WebSite","@id":"https:\/\/donnautess.eu\/#website","url":"https:\/\/donnautess.eu\/","name":"","description":"","potentialAction":[{"@type":"SearchAction","target":{"@type":"EntryPoint","urlTemplate":"https:\/\/donnautess.eu\/?s={search_term_string}"},"query-input":{"@type":"PropertyValueSpecification","valueRequired":true,"valueName":"search_term_string"}}],"inLanguage":"sk-SK"}]}},"_links":{"self":[{"href":"https:\/\/donnautess.eu\/index.php?rest_route=\/wp\/v2\/pages\/72"}],"collection":[{"href":"https:\/\/donnautess.eu\/index.php?rest_route=\/wp\/v2\/pages"}],"about":[{"href":"https:\/\/donnautess.eu\/index.php?rest_route=\/wp\/v2\/types\/page"}],"author":[{"embeddable":true,"href":"https:\/\/donnautess.eu\/index.php?rest_route=\/wp\/v2\/users\/1"}],"replies":[{"embeddable":true,"href":"https:\/\/donnautess.eu\/index.php?rest_route=%2Fwp%2Fv2%2Fcomments&post=72"}],"version-history":[{"count":6,"href":"https:\/\/donnautess.eu\/index.php?rest_route=\/wp\/v2\/pages\/72\/revisions"}],"predecessor-version":[{"id":164,"href":"https:\/\/donnautess.eu\/index.php?rest_route=\/wp\/v2\/pages\/72\/revisions\/164"}],"wp:attachment":[{"href":"https:\/\/donnautess.eu\/index.php?rest_route=%2Fwp%2Fv2%2Fmedia&parent=72"}],"curies":[{"name":"wp","href":"https:\/\/api.w.org\/{rel}","templated":true}]}}